st common factor of 190 and 836.
38
What is the greatest common factor of 25 and 2075?
25
Calculate the highest common factor of 11 and 2.
1
Calculate the greatest common divisor of 44250 and 354.
354
What is the greatest common divisor of 459 and 1107?
27
Calculate the highest common divisor of 267 and 623.
89
Calculate the greatest common divisor of 5428 and 368.
92
Calculate the greatest common factor of 2167 and 44.
11
Calculate the greatest common factor of 4 and 18.
2
Calculate the greatest common divisor of 124 and 108.
4
What is the greatest common divisor of 136 and 16?
8
Calculate the greatest common divisor of 154 and 42.
14
What is the highest common factor of 2632 and 56?
56
What is the greatest common divisor of 33 and 15?
3
What is the highest common divisor of 83 and 3403?
83
What is the highest common factor of 45 and 6210?
45
Calculate the greatest common factor of 783 and 261.
261
What is the greatest common factor of 126 and 72?
18
Calculate the highest common divisor of 238 and 378.
14
Calculate the highest common factor of 934 and 2.
2
Calculate the greatest common divisor of 152 and 24.
8
What is the highest common factor of 968 and 72?
8
What is the greatest common factor of 45 and 225?
45
What is the greatest common factor of 45 and 60?
15
What is the greatest common factor of 1215 and 20?
5
What is the greatest common divisor of 828 and 3772?
92
Calculate the greatest common divisor of 187 and 68.
17
Calculate the highest common factor of 119 and 6239.
17
What is the highest common factor of 42 and 252?
42
Calculate the greatest common divisor of 8000 and 64.
64
Calculate the highest common factor of 199 and 597.
199
What is the greatest common factor of 66 and 231?
33
What is the greatest common divisor of 22230 and 228?
114
Calculate the highest common factor of 4104 and 136.
8
What is the highest common factor of 8 and 394?
2
What is the highest common divisor of 576 and 5424?
48
What is the highest common divisor of 266 and 2744?
14
Calculate the highest common divisor of 500 and 30.
10
What is the highest common factor of 4075 and 25?
25
Calculate the greatest common divisor of 37 and 629.
37
What is the highest common factor of 43 and 1161?
43
What is the highest common factor of 82 and 7954?
82
Calculate the greatest common divisor of 278 and 16819.
139
What is the greatest common divisor of 684 and 36?
36
What is the highest common divisor of 14 and 62?
2
Calculate the greatest common factor of 130 and 676.
26
What is the greatest common divisor of 288 and 216?
72
Calculate the greatest common factor of 24 and 11628.
12
Calculate the highest common divisor of 103 and 824.
103
Calculate the highest common factor of 760 and 744.
8
Calculate the greatest common factor of 408 and 600.
24
Calculate the greatest common divisor of 69 and 3266.
23
Calculate the highest common divisor of 1024 and 8.
8
What is the greatest common divisor of 8 and 3?
1
What is the highest common divisor of 12 and 324?
12
What is the greatest common factor of 12852 and 2380?
476
What is the greatest common factor of 6 and 7914?
6
Calculate the highest common factor of 612 and 36.
36
Calculate the greatest common factor of 438 and 12.
6
What is the greatest common factor of 3 and 10?
1
What is the highest common divisor of 23 and 299?
23
Calculate the greatest common factor of 3404 and 74.
74
Calculate the greatest common divisor of 8 and 2248.
8
What is the highest common divisor of 252 and 819?
63
Calculate the highest common factor of 1111 and 11.
11
What is the greatest common factor of 54224 and 16?
16
Calculate the greatest common factor of 120 and 90.
30
What is the highest common factor of 106 and 10335?
53
What is the highest common factor of 1 and 1303?
1
Calculate the greatest common divisor of 160 and 20.
20
What is the greatest common factor of 24 and 224?
8
What is the greatest common factor of 161 and 23?
23
What is the highest common divisor of 195 and 78?
39
What is the greatest common factor of 27 and 27?
27
What is the highest common divisor of 4 and 200?
4
Calculate the greatest common divisor of 396 and 747.
9
What is the greatest common factor of 114 and 494?
38
What is the highest common divisor of 42 and 15?
3
What is the greatest common factor of 20 and 30?
10
Calculate the greatest common factor of 480 and 30.
30
What is the greatest common divisor of 12738 and 33?
33
Calculate the highest common factor of 648 and 1032.
24
What is the highest common factor of 4110 and 30?
30
What is the highest common divisor of 674 and 27971?
337
What is the highest common divisor of 16 and 1808?
16
What is the highest common divisor of 120 and 105?
15
What is the highest common factor of 416 and 13?
13
Calculate the greatest common divisor of 11726 and 143.
143
Calculate the greatest common divisor of 279 and 6.
3
What is the greatest common factor of 2 and 286?
2
What is the highest common divisor of 45700 and 100?
100
Calculate the greatest common divisor of 56 and 84.
28
What is the greatest common factor of 13 and 169?
13
Calculate the greatest common factor of 84 and 1236.
12
What is the greatest common factor of 2728 and 2464?
88
Calculate the greatest common divisor of 408 and 24.
24
What is the greatest common divisor of 2 and 146?
2
Calculate the highest common divisor of 414 and 27.
9
What is the highest common factor of 60 and 132?
12
Calculate the greatest common factor of 112 and 98.
14
Calculate the greatest common factor of 450 and 387.
9
Calculate the highest common divisor of 675 and 10.
5
What is the highest common factor of 60 and 324?
12
Calculate the highest common divisor of 6822 and 60.
6
Calculate the highest common factor of 144 and 27.
9
Calculate the greatest common divisor of 99 and 2145.
33
Calculate the greatest common factor of 246 and 9758.
82
What is the greatest common factor of 23877 and 63?
63
What is the highest common divisor of 585 and 3?
3
Calculate the highest common factor of 176 and 48.
16
Calculate the greatest common factor of 3377 and 44.
11
What is the greatest common factor of 7067 and 74?
37
Calculate the greatest common factor of 106 and 1378.
106
What is the greatest common factor of 9 and 17514?
9
Calculate the highest common divisor of 3569 and 473.
43
What is the greatest common divisor of 1584 and 1232?
176
Calculate the greatest common divisor of 3958 and 8.
2
What is the greatest common factor of 104 and 182?
26
What is the highest common divisor of 1037 and 17?
17
Calculate the greatest common divisor of 2235 and 15.
15
What is the highest common factor of 779 and 41?
41
What is the greatest common factor of 255 and 25?
5
What is the highest common divisor of 960 and 44?
4
What is the highest common factor of 116 and 7772?
116
What is the highest common factor of 603 and 225?
9
What is the greatest common factor of 40 and 72440?
40
What is the greatest common factor of 12493 and 62?
31
Calculate the highest common factor of 30 and 120.
30
What is the greatest common divisor of 3780 and 972?
108
What is the highest common factor of 4 and 236?
4
Calculate the highest common divisor of 443 and 3.
1
What is the highest common factor of 574 and 328?
82
What is the greatest common factor of 26 and 364?
26
Calculate the greatest common factor of 231 and 759.
33
Calculate the greatest common divisor of 70 and 385.
35
Calculate the highest common factor of 19527 and 345.
69
Calculate the greatest common divisor of 2076 and 132.
12
What is the highest common factor of 190 and 1990?
10
What is the highest common divisor of 2688 and 108?
12
Calculate the highest common divisor of 1965 and 15.
15
What is the greatest common factor of 16 and 292?
4
What is the greatest common factor of 141 and 3?
3
Calculate the highest common divisor of 1284 and 12.
12
What is the highest common factor of 34 and 102?
34
Calculate the highest common factor of 102 and 782.
34
What is the greatest common divisor of 29 and 5597?
29
Calculate the greatest common factor of 18 and 126.
18
Calculate the greatest common divisor of 1316 and 7.
7
Calculate the highest common factor of 12860 and 60.
20
What is the highest common factor of 154 and 44?
22
Calculate the highest common factor of 2560 and 128.
12